h) = -4*h**3 - 3416*h**2 + 6749*h + 180. Determine w(2).
-18
Let n(a) = -26624*a - 1038346. Calculate n(-39).
-10
Let o(i) = -83159*i - 498935. Determine o(-6).
19
Let l(q) = -97*q + 8433. Give l(88).
-103
Let p(r) = 6*r**3 - 19*r**2 + 48*r - 48. What is p(6)?
852
Let h(u) = -u**2 + 1198*u + 59752. Give h(-48).
-56
Let y(u) = -2*u**3 - 42*u**2 - 193*u + 47. Determine y(-9).
-160
Let q(m) = m**3 + 73*m**2 - 57*m + 1242. Determine q(-74).
-16
Let d(v) = 107*v**2 + 10800*v + 631. Give d(-101).
1338
Let r(t) = t**3 + 3*t**2 + 809*t + 1588. Determine r(-2).
-26
Let k(j) = 4*j**3 - 5*j**2 + 607*j - 2. Determine k(0).
-2
Let v(h) = -27837*h + 55918. What is v(2)?
244
Let t(u) = -424*u + 12990. Determine t(31).
-154
Let x(u) = u**3 + 4*u**2 - 500*u + 3464. Calculate x(9).
17
Let a(m) = -m**3 - 14*m**2 - 533*m - 2968. Give a(-6).
-58
Let j(k) = 1807436*k + 6. What is j(0)?
6
Let m(y) = -y**3 - 46*y**2 - 192*y - 208. Give m(-41).
-741
Let z(w) = 2*w**3 - 502*w**2 - 1479*w - 11670. Calculate z(254).
-240
Let j(n) = -1885*n + 571164. Determine j(303).
9
Let h(b) = -37408*b - 411350. What is h(-11)?
138
Let q(v) = 2*v**3 + 15*v**2 + 579*v + 2665. Calculate q(-5).
-105
Let u(t) = -t**3 - 172*t**2 - 1623*t - 48. Calculate u(-162).
438
Let d(a) = a**3 - 11*a**2 + 334*a - 1148. What is d(4)?
76
Let q(b) = -5*b**2 - 80*b + 6414. Give q(-45).
-111
Let t(q) = q**3 - 16*q**2 + 83*q - 1368. What is t(15)?
-348
Let w(g) = 39480*g + 552726. What is w(-14)?
6
Let m(p) = p**2 - 13*p - 315. Calculate m(0).
-315
Let q(p) = -6*p**3 - 47*p**2 - 26*p - 82. Determine q(-8).
190
Let l(i) = i**2 + 68*i + 583. Give l(-61).
156
Let q(w) = -1623*w - 26632. What is q(-16)?
-664
Let n(l) = -691*l - 5516. Give n(-8).
12
Let q(g) = -g**2 - 175*g - 5607. Calculate q(-43).
69
Let w(u) = -10*u**2 + 14712*u + 103471. Calculate w(-7).
-3
Let q(y) = -70*y**2 + 544*y + 117. Determine q(8).
-11
Let d(z) = z**3 + 101*z**2 - 614*z - 20360. Give d(-105).
10
Let f(o) = 2*o**3 - 79*o**2 + 494*o + 244. Calculate f(7).
517
Let j(h) = 227*h - 5389. Determine j(24).
59
Let w(j) = -13*j**3 + 40*j**2 - 101*j - 6. Calculate w(5).
-1136
Let q(y) = 3*y**3 + 8*y**2 + 27*y - 131. Give q(-6).
-653
Let m(f) = -1984*f - 11807. Give m(-6).
97
Let s(p) = -285*p + 927. Give s(3).
72
Let c(f) = -5897*f + 123933. Determine c(21).
96
Let y(v) = v**2 - 349*v - 18018. Give y(-46).
152
Let t(u) = -u**3 - 601*u**2 - 4725*u + 11362. What is t(-593)?
95
Let q(m) = m**2 - 2919*m - 1061431. Calculate q(-327).
11
Let v(g) = -3*g**3 + 375*g**2 - 729*g + 234. Calculate v(123).
1341
Let k(n) = -1286*n + 10278. Calculate k(8).
-10
Let w(i) = -11*i**2 - 913*i - 1514. Calculate w(-82).
-612
Let j(x) = -12800*x + 268811. Give j(21).
11
Let r(i) = 3536*i - 49388. Give r(14).
116
Let d(h) = -h**2 - 4180*h + 419316. Determine d(98).
72
Let h(g) = 2*g**3 + 46*g**2 + 229*g - 15. Give h(-9).
192
Let a(p) = 2*p**2 - 9721*p + 77635. Calculate a(8).
-5
Let h(n) = n**2 + 7910*n - 582786. Calculate h(73).
-27
Let r(b) = -4711*b - 791456. Calculate r(-168).
-8
Let w(x) = 123*x**2 + 3783*x - 953. Determine w(-31).
-23
Let t(p) = -2304*p + 8102. Give t(3).
1190
Let n(b) = -1422*b + 21071. Give n(15).
-259
Let n(m) = 306*m**2 + 940*m - 4. Give n(-3).
-70
Let c(n) = 18*n**2 + 179*n + 1034. Give c(-6).
608
Let k(c) = -c**3 - 42*c**2 - 269*c - 1629. Give k(-36).
279
Let x(m) = -m**3 + m**2 + 137*m + 903. Give x(-7).
336
Let g(a) = a**2 + 84*a - 1993. Give g(-82).
-2157
Let t(s) = -16*s**2 + 574*s + 4034. Calculate t(-6).
14
Let z(w) = -8*w**3 - 67*w**2 - 217*w - 1554. Calculate z(-8).
-10
Let i(w) = w**2 + 5954*w + 796935. Determine i(-137).
6
Let p(c) = 18848*c + 7162287. Determine p(-380).
47
Let f(z) = 17*z**2 + 62*z - 883. Give f(-9).
-64
Let t(o) = -13*o**3 - 207*o**2 - 331*o + 259. What is t(-14)?
-7
Let h(a) = -33*a**2 - 2106*a + 31. Determine h(-65).
-2504
Let c(m) = 3861*m - 33315. Give c(9).
1434
Let v(g) = -2*g**3 - 69*g**2 - 128*g + 1387. What is v(-32)?
363
Let u(w) = 687*w + 237718. What is u(-346)?
16
Let g(c) = 1962*c**2 + 9824*c + 73. Determine g(-5).
3
Let x(q) = 3*q**2 + 34708*q - 765012. Determine x(22).
16
Let q(x) = 117*x + 19747. Determine q(-146).
2665
Let r(u) = -2*u**2 + 177*u + 18269. Calculate r(-61).
30
Let x(i) = 1620*i + 82617. Calculate x(-51).
-3
Let y(j) = -53*j**2 - 1031*j + 50. Give y(-20).
-530
Let f(h) = -2*h**2 + 355*h + 15121. Determine f(213).
-2
Let x(g) = -11*g**2 + 916*g + 666. What is x(84)?
-6
Let q(k) = 2*k**2 - 40780*k - 2864402. Calculate q(-70).
-2
Let g(i) = 54*i**2 - 71*i + 358. Calculate g(0).
358
Let w(i) = i**2 + 201*i + 6993. What is w(-53)?
-851
Let t(n) = 3*n**2 - 199*n + 1143. Calculate t(61).
167
Let w(x) = 2*x**2 + 677*x + 2647. Determine w(-4).
-29
Let s(j) = 1311627*j + 15739500. Give s(-12).
-24
Let z(k) = 25336*k - 151984. What is z(6)?
32
Let y(g) = -12*g**2 + 1765*g - 4159. Calculate y(145).
-534
Let b(a) = 8*a**2 + 1322*a - 10502. Give b(-173).
224
Let j(m) = 7*m**2 + 66*m + 13. What is j(-10)?
53
Let m(w) = -4*w**2 - 77*w - 422. Determine m(-5).
-137
Let s(h) = 6*h**2 + 5464*h + 1056709. Determine s(-632).
5
Let j(f) = 26*f**2 + 1017*f - 712. Calculate j(-41).
1297
Let v(x) = 5165*x + 191296. Give v(-37).
191
Let t(p) = p**3 - 45*p**2 - 1657*p - 25. What is t(-24)?
-1
Let t(u) = 31*u**3 - 1706*u**2 + 34*u + 1327. Calculate t(55).
172
Let b(o) = 25642*o - 1230819. What is b(48)?
-3
Let c(l) = -1860*l - 757020. Determine c(-407).
0
Let c(i) = -i**3 + 291*i**2 - 1632*i - 22241. Calculate c(285).
-11
Let d(s) = -1169*s**3 + 6*s**2 - 41*s + 36. Give d(1).
-1168
Let x(t) = 4609*t + 612975. Calculate x(-133).
-22
Let s(n) = 1202*n + 837787. What is s(-697)?
-7
Let l(r) = -745582*r + 2236745. Give l(3).
-1
Let a(w) = -6*w**2 + 1754*w + 16173. What is a(-9)?
-99
Let n(g) = -2819*g - 14095. Calculate n(-5).
0
Let g(c) = 2328*c + 46511. Determine g(-20).
-49
Let l(v) = 189*v + 53292. What is l(-282)?
-6
Let a(k) = k**3 + 16*k**2 - 3124*k - 65779. What is a(-22)?
45
Let p(f) = -10754*f + 21567. Calculate p(2).
59
Let l(z) = 20*z**2 - 106*z + 96. Give l(2).
-36
Let n(q) = 3*q**2 + 1768*q + 10488. Give n(-6).
-12
Let l(j) = j**3 + 45*j**2 - 202*j - 398. Determine l(-49).
-104
Let q(l) = -l**3 - 48*l**2 + 30*l - 674. What is q(-50)?
2826
Let s(y) = y**2 - 323809*y + 323810. Give s(1).
2
Let i(b) = -7*b**3 - 2778*b**2 + 8800*b - 7. What is i(-400)?
-7
Let l(h) = h**3 - 166*h**2 + 4258*h + 115. Calculate l(32).
-845
Let g(a) = -a**2 - 11056*a + 3453443. Give g(304).
3
Let a(k) = k**3 - 69*k**2 - 113*k + 133. Determine a(71).
2192
Let d(h) = 422*h + 1246. Determine d(-3).
-20
Let l(v) = v**3 + 34*v**2 - 38*v - 2445. Calculate l(-30).
2295
Let j(t) = -20*t**2 - 268*t - 3254. Give j(-12).
-2918
Let d(r) = 9149*r - 82409. What is d(9)?
-68
Let c(d) = d**3 - 450*d**2 - 210*d + 495551. Give c(448).
63
Let b(n) = -2*n**2 + 751*n - 69028. What is b(161)?
41
Let u(x) = -41*x**2 - 14030*x - 109628. Determine u(-8).
-12
Let f(o) = -7393*o - 7378. Calculate f(-1).
15
Let q(t) = t**3 + 5*t**2 + 271*t + 2688. Calculate q(0).
2688
Let f(v) = -119489*v - 238928. Give f(-2).
50
Let u(c) = -43*c**2 - 455*c - 2269. Determine u(-5).
-1069
Let m(h) = -596*h - 6564. Give m(-11).
-8
Let z(p) = -8*p**2 + 168*p - 129. What is z(16)?
511
Let g(a) = -a**3 + 1006*a**2 - 8973*a + 21. Determine g(9).
21
Let l(w) = 2*w**3 + 57*w**2 + 41*w + 2186. What is l(-29)?
156
Let b(m) = 3*m**2 - 13733*m - 110008. What is b(-8)?
48
Let p(f) = -6*f**2 + 22*f + 4626. Calculate p(-26).
-2
Let p(n) = -n**3 + 56*n**2 - 303*n + 151. What is p(50)?
1
Let n(a) = 3*a**2 - 4871*a + 1047020. Determine n(255).
-10
Let k(z) = 44085*z + 132246. Determine k(-3).
-9
Let o(i) = i**2 - 236*i - 48718. Determine o(368).
-142
Let q(k) = -85*k**2 - 9*k - 7. What is q(-2)?
-329
Let z(s) = -42*s**2 - 183*s + 64. Calculate z(-7).
-713
Let t(v) = 3*v**3 - 8*v**2 - 27*v - 67. Determine t(6).
131
Let s(w) = w**3 - 132*w**2 + 961*w + 283. Determine s(8).
35
Let n(q) = q**3 - 234*q**2 - 2180*q - 1701. Determine n(243).
0
Let b(x) = -8*x**2 - 161*x + 134. What is b(-19)?
305
Let j(w) = 6*w**3 + 449*w**2 + 7710*w - 858. What is j(-48)?
6
Let c(r) = -91*r - 9687. Give c(-108).
141
Let p(j) = -598*j + 1970. Calculate p(6).
-1618
Let o(t) = -146*t**3 + 3500*t**2 + 100*